{"id":8161,"date":"2025-02-05T11:22:07","date_gmt":"2025-02-05T09:22:07","guid":{"rendered":"https:\/\/www.acrosstribe.org\/?page_id=8161"},"modified":"2025-02-05T12:44:46","modified_gmt":"2025-02-05T10:44:46","slug":"seurakuntatyon-peruskurssi","status":"publish","type":"page","link":"https:\/\/www.acrosstribe.org\/?page_id=8161","title":{"rendered":"Seurakuntaty\u00f6n peruskurssi"},"content":{"rendered":"\n<hr class=\"wp-block-separator has-text-color has-vivid-cyan-blue-color has-alpha-channel-opacity has-vivid-cyan-blue-background-color has-background is-style-wide\"\/>\n\n\n\n<figure class=\"wp-block-image size-large is-resized\"><img data-recalc-dims=\"1\" loading=\"lazy\" decoding=\"async\" width=\"1024\" height=\"321\" src=\"https:\/\/i0.wp.com\/www.acrosstribe.org\/wp-content\/uploads\/2020\/09\/rye-5447847_1920-e1728998978193-1024x321.jpg?resize=1024%2C321&#038;ssl=1\" alt=\"\" class=\"wp-image-4661\" style=\"object-fit:cover;width:1900px;height:400px\" srcset=\"https:\/\/i0.wp.com\/www.acrosstribe.org\/wp-content\/uploads\/2020\/09\/rye-5447847_1920-e1728998978193.jpg?resize=1024%2C321&amp;ssl=1 1024w, https:\/\/i0.wp.com\/www.acrosstribe.org\/wp-content\/uploads\/2020\/09\/rye-5447847_1920-e1728998978193.jpg?resize=300%2C94&amp;ssl=1 300w, https:\/\/i0.wp.com\/www.acrosstribe.org\/wp-content\/uploads\/2020\/09\/rye-5447847_1920-e1728998978193.jpg?resize=768%2C240&amp;ssl=1 768w, https:\/\/i0.wp.com\/www.acrosstribe.org\/wp-content\/uploads\/2020\/09\/rye-5447847_1920-e1728998978193.jpg?resize=1536%2C481&amp;ssl=1 1536w, https:\/\/i0.wp.com\/www.acrosstribe.org\/wp-content\/uploads\/2020\/09\/rye-5447847_1920-e1728998978193.jpg?w=1920&amp;ssl=1 1920w\" sizes=\"auto, (max-width: 1024px) 100vw, 1024px\" \/><\/figure>\n\n\n\n<hr class=\"wp-block-separator has-text-color has-vivid-cyan-blue-color has-alpha-channel-opacity has-vivid-cyan-blue-background-color has-background is-style-wide\"\/>\n\n\n\n<p>Seurakuntaty\u00f6n peruskurssi on kaikille avoin kurssikokonaisuus seurakuntaty\u00f6st\u00e4 kiinnostuneille. <\/p>\n\n\n\n<p><\/p>\n\n\n\n<p><\/p>\n\n\n\n<p><a href=\"https:\/\/www.acrosstribe.org\/?p=8167\u2197\">Tutustu kurssiohjelmaan t\u00e4st\u00e4-><\/a><\/p>\n\n\n\n<p><\/p>\n","protected":false},"excerpt":{"rendered":"<p>Seurakuntaty\u00f6n peruskurssi on kaikille avoin kurssikokonaisuus seurakuntaty\u00f6st\u00e4 kiinnostuneille. Tutustu kurssiohjelmaan t\u00e4st\u00e4-><\/p>\n","protected":false},"author":1,"featured_media":4661,"parent":0,"menu_order":0,"comment_status":"closed","ping_status":"closed","template":"","meta":{"vkexunit_cta_each_option":"","footnotes":""},"class_list":["post-8161","page","type-page","status-publish","has-post-thumbnail","hentry"],"jetpack_sharing_enabled":true,"_links":{"self":[{"href":"https:\/\/www.acrosstribe.org\/index.php?rest_route=\/wp\/v2\/pages\/8161","targetHints":{"allow":["GET"]}}],"collection":[{"href":"https:\/\/www.acrosstribe.org\/index.php?rest_route=\/wp\/v2\/pages"}],"about":[{"href":"https:\/\/www.acrosstribe.org\/index.php?rest_route=\/wp\/v2\/types\/page"}],"author":[{"embeddable":true,"href":"https:\/\/www.acrosstribe.org\/index.php?rest_route=\/wp\/v2\/users\/1"}],"replies":[{"embeddable":true,"href":"https:\/\/www.acrosstribe.org\/index.php?rest_route=%2Fwp%2Fv2%2Fcomments&post=8161"}],"version-history":[{"count":6,"href":"https:\/\/www.acrosstribe.org\/index.php?rest_route=\/wp\/v2\/pages\/8161\/revisions"}],"predecessor-version":[{"id":8183,"href":"https:\/\/www.acrosstribe.org\/index.php?rest_route=\/wp\/v2\/pages\/8161\/revisions\/8183"}],"wp:featuredmedia":[{"embeddable":true,"href":"https:\/\/www.acrosstribe.org\/index.php?rest_route=\/wp\/v2\/media\/4661"}],"wp:attachment":[{"href":"https:\/\/www.acrosstribe.org\/index.php?rest_route=%2Fwp%2Fv2%2Fmedia&parent=8161"}],"curies":[{"name":"wp","href":"https:\/\/api.w.org\/{rel}","templated":true}]}}